{"id":47,"date":"2016-08-21T11:23:43","date_gmt":"2016-08-21T09:23:43","guid":{"rendered":"http:\/\/www.cf63.de\/?page_id=47"},"modified":"2018-06-22T16:08:06","modified_gmt":"2018-06-22T14:08:06","slug":"konferenzraum","status":"publish","type":"page","link":"https:\/\/www.cf63.de\/index.php\/konferenzraum\/","title":{"rendered":"Konferenzraum"},"content":{"rendered":"<p>Sie k\u00f6nnen bei uns einen vollausgestatteten Konferenzraum anmieten. Der Raum ist 43qm\u00a0gro\u00df und bietet ausreichend Platz f\u00fcr\u00a0bis zu 18\u00a0Personen.<!--more--><\/p>\n<p>Er verf\u00fcgt \u00fcber Flipchart und Whiteboard sowie Internetzugang via WLAN und\u00a0aktuelle drahtlose\u00a0Pr\u00e4sentationstechnik. F\u00fcr zus\u00e4tzliche Ausstattung wie z.B. Konferenztelefon sprechen Sie uns gerne an!<\/p>\n<p><img loading=\"lazy\" decoding=\"async\" class=\"alignnone wp-image-371 size-medium\" src=\"https:\/\/www.cf63.de\/wp-content\/uploads\/2018\/06\/IMG_1653-300x200.jpg\" alt=\"\" width=\"300\" height=\"200\" srcset=\"https:\/\/www.cf63.de\/wp-content\/uploads\/2018\/06\/IMG_1653-300x200.jpg 300w, https:\/\/www.cf63.de\/wp-content\/uploads\/2018\/06\/IMG_1653-768x512.jpg 768w, https:\/\/www.cf63.de\/wp-content\/uploads\/2018\/06\/IMG_1653-1024x683.jpg 1024w, https:\/\/www.cf63.de\/wp-content\/uploads\/2018\/06\/IMG_1653.jpg 1620w\" sizes=\"(max-width: 300px) 100vw, 300px\" \/>\u00a0 \u00a0 \u00a0 \u00a0 \u00a0 \u00a0 \u00a0 \u00a0 \u00a0\u00a0<img loading=\"lazy\" decoding=\"async\" class=\"alignnone wp-image-369 size-medium\" src=\"https:\/\/www.cf63.de\/wp-content\/uploads\/2018\/06\/MG_6619-300x200.jpg\" alt=\"\" width=\"300\" height=\"200\" srcset=\"https:\/\/www.cf63.de\/wp-content\/uploads\/2018\/06\/MG_6619-300x200.jpg 300w, https:\/\/www.cf63.de\/wp-content\/uploads\/2018\/06\/MG_6619-768x512.jpg 768w, https:\/\/www.cf63.de\/wp-content\/uploads\/2018\/06\/MG_6619-1024x683.jpg 1024w, https:\/\/www.cf63.de\/wp-content\/uploads\/2018\/06\/MG_6619.jpg 1620w\" sizes=\"(max-width: 300px) 100vw, 300px\" \/><\/p>\n<p>Auf Wunsch bietet das Bistro &#8220;<a href=\"https:\/\/wkcf.de\" target=\"_blank\" rel=\"noopener\">Waschk\u00fcche<\/a>&#8221; Catering an. Kaffee, Tee und Br\u00f6tchen oder auch ein Mittagsmen\u00fc k\u00f6nnen nach Absprache bestellt werden.<\/p>\n<p>Stellpl\u00e4tze sind ausreichend direkt am Haus verf\u00fcgbar.<\/p>\n<p><img loading=\"lazy\" decoding=\"async\" class=\"alignnone wp-image-308 size-medium\" src=\"https:\/\/www.cf63.de\/wp-content\/uploads\/2018\/02\/IMG_6792-300x200.jpg\" alt=\"\" width=\"300\" height=\"200\" srcset=\"https:\/\/www.cf63.de\/wp-content\/uploads\/2018\/02\/IMG_6792-300x200.jpg 300w, https:\/\/www.cf63.de\/wp-content\/uploads\/2018\/02\/IMG_6792-768x512.jpg 768w, https:\/\/www.cf63.de\/wp-content\/uploads\/2018\/02\/IMG_6792-1024x683.jpg 1024w, https:\/\/www.cf63.de\/wp-content\/uploads\/2018\/02\/IMG_6792.jpg 1620w\" sizes=\"(max-width: 300px) 100vw, 300px\" \/>\u00a0 \u00a0 \u00a0 \u00a0 \u00a0 \u00a0 \u00a0 \u00a0 \u00a0\u00a0<img loading=\"lazy\" decoding=\"async\" class=\"alignnone wp-image-370 size-medium\" src=\"https:\/\/www.cf63.de\/wp-content\/uploads\/2018\/06\/MG_6612-300x200.jpg\" alt=\"\" width=\"300\" height=\"200\" srcset=\"https:\/\/www.cf63.de\/wp-content\/uploads\/2018\/06\/MG_6612-300x200.jpg 300w, https:\/\/www.cf63.de\/wp-content\/uploads\/2018\/06\/MG_6612-768x512.jpg 768w, https:\/\/www.cf63.de\/wp-content\/uploads\/2018\/06\/MG_6612-1024x683.jpg 1024w, https:\/\/www.cf63.de\/wp-content\/uploads\/2018\/06\/MG_6612.jpg 1620w\" sizes=\"(max-width: 300px) 100vw, 300px\" \/><\/p>\n<p>Verf\u00fcgbarkeit und Preise erfragen Sie bitte \u00fcber unser Kontaktformular.<\/p>\n<p>&nbsp;<\/p>\n","protected":false},"excerpt":{"rendered":"<p>Sie k\u00f6nnen bei uns einen vollausgestatteten Konferenzraum anmieten. Der Raum ist 43qm\u00a0gro\u00df und bietet ausreichend Platz f\u00fcr\u00a0bis zu 18\u00a0Personen.<\/p>\n","protected":false},"author":1,"featured_media":371,"parent":0,"menu_order":0,"comment_status":"closed","ping_status":"closed","template":"","meta":{"footnotes":""},"class_list":["post-47","page","type-page","status-publish","has-post-thumbnail","hentry"],"_links":{"self":[{"href":"https:\/\/www.cf63.de\/index.php\/wp-json\/wp\/v2\/pages\/47"}],"collection":[{"href":"https:\/\/www.cf63.de\/index.php\/wp-json\/wp\/v2\/pages"}],"about":[{"href":"https:\/\/www.cf63.de\/index.php\/wp-json\/wp\/v2\/types\/page"}],"author":[{"embeddable":true,"href":"https:\/\/www.cf63.de\/index.php\/wp-json\/wp\/v2\/users\/1"}],"replies":[{"embeddable":true,"href":"https:\/\/www.cf63.de\/index.php\/wp-json\/wp\/v2\/comments?post=47"}],"version-history":[{"count":16,"href":"https:\/\/www.cf63.de\/index.php\/wp-json\/wp\/v2\/pages\/47\/revisions"}],"predecessor-version":[{"id":372,"href":"https:\/\/www.cf63.de\/index.php\/wp-json\/wp\/v2\/pages\/47\/revisions\/372"}],"wp:featuredmedia":[{"embeddable":true,"href":"https:\/\/www.cf63.de\/index.php\/wp-json\/wp\/v2\/media\/371"}],"wp:attachment":[{"href":"https:\/\/www.cf63.de\/index.php\/wp-json\/wp\/v2\/media?parent=47"}],"curies":[{"name":"wp","href":"https:\/\/api.w.org\/{rel}","templated":true}]}}

<p>Sie können bei uns einen vollausgestatteten Konferenzraum anmieten. Der Raum ist 43qm groß und bietet ausreichend Platz für bis zu 18 Personen.<!--more--></p>
<p>Er verfügt über Flipchart und Whiteboard sowie Internetzugang via WLAN und aktuelle drahtlose Präsentationstechnik. Für zusätzliche Ausstattung wie z.B. Konferenztelefon sprechen Sie uns gerne an!</p>
<p><img loading="lazy" decoding="async" class="alignnone wp-image-371 size-medium" src="https://www.cf63.de/wp-content/uploads/2018/06/IMG_1653-300x200.jpg" alt="" width="300" height="200" srcset="https://www.cf63.de/wp-content/uploads/2018/06/IMG_1653-300x200.jpg 300w, https://www.cf63.de/wp-content/uploads/2018/06/IMG_1653-768x512.jpg 768w, https://www.cf63.de/wp-content/uploads/2018/06/IMG_1653-1024x683.jpg 1024w, https://www.cf63.de/wp-content/uploads/2018/06/IMG_1653.jpg 1620w" sizes="(max-width: 300px) 100vw, 300px" />                  <img loading="lazy" decoding="async" class="alignnone wp-image-369 size-medium" src="https://www.cf63.de/wp-content/uploads/2018/06/MG_6619-300x200.jpg" alt="" width="300" height="200" srcset="https://www.cf63.de/wp-content/uploads/2018/06/MG_6619-300x200.jpg 300w, https://www.cf63.de/wp-content/uploads/2018/06/MG_6619-768x512.jpg 768w, https://www.cf63.de/wp-content/uploads/2018/06/MG_6619-1024x683.jpg 1024w, https://www.cf63.de/wp-content/uploads/2018/06/MG_6619.jpg 1620w" sizes="(max-width: 300px) 100vw, 300px" /></p>
<p>Auf Wunsch bietet das Bistro &#8220;<a href="https://wkcf.de" target="_blank" rel="noopener">Waschküche</a>&#8221; Catering an. Kaffee, Tee und Brötchen oder auch ein Mittagsmenü können nach Absprache bestellt werden.</p>
<p>Stellplätze sind ausreichend direkt am Haus verfügbar.</p>
<p><img loading="lazy" decoding="async" class="alignnone wp-image-308 size-medium" src="https://www.cf63.de/wp-content/uploads/2018/02/IMG_6792-300x200.jpg" alt="" width="300" height="200" srcset="https://www.cf63.de/wp-content/uploads/2018/02/IMG_6792-300x200.jpg 300w, https://www.cf63.de/wp-content/uploads/2018/02/IMG_6792-768x512.jpg 768w, https://www.cf63.de/wp-content/uploads/2018/02/IMG_6792-1024x683.jpg 1024w, https://www.cf63.de/wp-content/uploads/2018/02/IMG_6792.jpg 1620w" sizes="(max-width: 300px) 100vw, 300px" />                  <img loading="lazy" decoding="async" class="alignnone wp-image-370 size-medium" src="https://www.cf63.de/wp-content/uploads/2018/06/MG_6612-300x200.jpg" alt="" width="300" height="200" srcset="https://www.cf63.de/wp-content/uploads/2018/06/MG_6612-300x200.jpg 300w, https://www.cf63.de/wp-content/uploads/2018/06/MG_6612-768x512.jpg 768w, https://www.cf63.de/wp-content/uploads/2018/06/MG_6612-1024x683.jpg 1024w, https://www.cf63.de/wp-content/uploads/2018/06/MG_6612.jpg 1620w" sizes="(max-width: 300px) 100vw, 300px" /></p>
<p>Verfügbarkeit und Preise erfragen Sie bitte über unser Kontaktformular.</p>
<p>&nbsp;</p>

<p>Sie können bei uns einen vollausgestatteten Konferenzraum anmieten. Der Raum ist 43qm groß und bietet ausreichend Platz für bis zu 18 Personen.</p>
